{"id":5,"date":"2014-04-13T10:16:37","date_gmt":"2014-04-13T08:16:37","guid":{"rendered":"http:\/\/cgot.de\/?page_id=5"},"modified":"2026-01-03T14:15:26","modified_gmt":"2026-01-03T12:15:26","slug":"home","status":"publish","type":"page","link":"https:\/\/cgot.de\/","title":{"rendered":"Herzlich Willkommen"},"content":{"rendered":"\n<p><br>\u201eGott spricht: Siehe, ich mache alles neu!\u201c Offenbarung 21,5<\/p>\n\n\n\n<p>\u201eSiehe, ich mache alles neu!\u201c \u2013 mit diesen Worten schenkt uns Gott ein Leitwort f\u00fcr das Jahr 2026. Diese Verhei\u00dfung stammt aus der Offenbarung des Johannes und richtet unseren Blick auf Gottes sch\u00f6pferische Kraft und seine Hoffnung, die weit \u00fcber menschliche Erwartungen hinausgeht.&nbsp;<\/p>\n\n\n\n<p>In einer Zeit, in der viele von uns mit Herausforderungen, Unsicherheiten oder Entt\u00e4uschungen konfrontiert sind, ist es leicht, den Mut zu verlieren. Doch Gottes Wort erinnert uns daran: Er ist derjenige, der neu schafft \u2013 neu f\u00fcr diese Welt und neu in jedem einzelnen Leben.&nbsp;<\/p>\n\n\n\n<p>Gott will nicht nur das Vergangene verbessern, sondern wirklich alles neu machen \u2013 nicht nur als Zukunftsvision, sondern als gegenw\u00e4rtige Hoffnung, die uns im Hier und Jetzt tragen kann. Wenn wir uns von ihm ber\u00fchren lassen, k\u00f6nnen wir erleben, wie er in unseren Herzen, in unseren Beziehungen und in unseren Entscheidungen neu wirkt.&nbsp;<\/p>\n\n\n\n<p>Dieses Jahr l\u00e4dt uns ein, aufmerksam hinzusehen \u2013 auf das, was Gott in uns und um uns herum neu macht. Das kann ganz leise beginnen: im Vergeben, im Dienen, im Hoffen trotz Widerst\u00e4nden. Und wenn wir mutig darauf vertrauen, dass Gott neu beginnen kann, dann d\u00fcrfen wir voller Zuversicht in dieses Jahr gehen.<\/p>\n\n\n\n<p><\/p>\n","protected":false},"excerpt":{"rendered":"<p>\u201eGott spricht: Siehe, ich mache alles neu!\u201c Offenbarung 21,5 \u201eSiehe, ich mache alles neu!\u201c \u2013 mit diesen Worten schenkt uns Gott ein Leitwort f\u00fcr das Jahr 2026. Diese Verhei\u00dfung stammt aus der Offenbarung des Johannes und richtet unseren Blick auf Gottes sch\u00f6pferische Kraft und seine Hoffnung, die weit \u00fcber menschliche Erwartungen hinausgeht.&nbsp; In einer Zeit, &#8230; <span class=\"more\"><a class=\"more-link\" href=\"https:\/\/cgot.de\/\">[Read more&#8230;]<\/a><\/span><\/p>\n","protected":false},"author":6,"featured_media":0,"parent":0,"menu_order":0,"comment_status":"open","ping_status":"open","template":"","meta":{"footnotes":""},"class_list":["entry","page","publish","author-stefanq","post-5"],"_links":{"self":[{"href":"https:\/\/cgot.de\/index.php?rest_route=\/wp\/v2\/pages\/5","targetHints":{"allow":["GET"]}}],"collection":[{"href":"https:\/\/cgot.de\/index.php?rest_route=\/wp\/v2\/pages"}],"about":[{"href":"https:\/\/cgot.de\/index.php?rest_route=\/wp\/v2\/types\/page"}],"author":[{"embeddable":true,"href":"https:\/\/cgot.de\/index.php?rest_route=\/wp\/v2\/users\/6"}],"replies":[{"embeddable":true,"href":"https:\/\/cgot.de\/index.php?rest_route=%2Fwp%2Fv2%2Fcomments&post=5"}],"version-history":[{"count":88,"href":"https:\/\/cgot.de\/index.php?rest_route=\/wp\/v2\/pages\/5\/revisions"}],"predecessor-version":[{"id":1861,"href":"https:\/\/cgot.de\/index.php?rest_route=\/wp\/v2\/pages\/5\/revisions\/1861"}],"wp:attachment":[{"href":"https:\/\/cgot.de\/index.php?rest_route=%2Fwp%2Fv2%2Fmedia&parent=5"}],"curies":[{"name":"wp","href":"https:\/\/api.w.org\/{rel}","templated":true}]}}